-4*w - o = 1. Suppose w = 5*m - 14 + 4. List the prime factors of m.
2
List the prime factors of (-16)/(2 + 1 - 4).
2
Suppose 1 = 6*t - 41. What are the prime factors of t?
7
Let d(a) = -a**3 + 11*a**2 - 3*a - 7. List the prime factors of d(9).
2
What are the prime factors of (4 - (-2 + 0))*(-37)/(-2)?
3, 37
Let l(t) be the third derivative of -3*t**2 + 0*t + 0*t**3 + 1/24*t**4 + 0. List the prime factors of l(6).
2, 3
Suppose a - 91 = 16. Let k = a + -71. Suppose -2*x - x = -k. List the prime factors of x.
2, 3
Let f be (-4 + 5)/(1 - 2). Let s = f - -8. Suppose 5 = 2*m - s. What are the prime factors of m?
2, 3
Let a(g) = g**3 - 6*g**2 - 5*g + 1. Let v(l) = -3*l - 5. Let j be v(-6). Let p = j - 6. List the prime factors of a(p).
3, 5
Let j(i) = 18*i + 3. What are the prime factors of j(16)?
3, 97
Let z(x) = -x**3 - 4*x**2 - 4*x + 5. Let h be z(-4). List the prime factors of 1 - 4/((-12)/h).
2
Let p(a) = -2*a - 4. Let r be p(-3). Suppose -k = 4*y + 6 + 25, -12 = r*y + 4*k. Let l = -4 - y. List the prime factors of l.
2
Suppose -4*z + z = 5*l - 22, -2*l - 5*z + 5 = 0. Suppose -4*w = l*g - 18, -6*g + 14 = 2*w - g. Let q = 8 + w. What are the prime factors of q?
2, 5
Let v(m) = -4*m - 3. Let r be v(-2). Suppose -10 = 3*f + r. List the prime factors of (f - 0)*(1 + -2).
5
Let m = 2 - -5. List the prime factors of m.
7
Suppose -2*q + 2*j + 2 = j, 0 = 5*q + 2*j - 14. Suppose -q*x + 1 + 41 = d, -119 = -5*x + d. List the prime factors of x.
23
Let h = 61 - -25. What are the prime factors of h?
2, 43
Suppose 3*f + j = -32, 0 = -f - f - 4*j - 38. Let b = f - -19. What are the prime factors of b?
2, 5
Let u be -1*(-2*2 - -3). Let l be 2/(u - -2 - 4). What are the prime factors of (l + -2 + 3)*-6?
2, 3
Suppose -41 = -3*r + 2*r - 2*t, 2*r - 87 = t. List the prime factors of r.
43
Suppose 16 = 5*x - 9. Suppose -b = x*u - 25, 3*b - 25 = u - 6*u. Suppose 12 = j + 2*s - b*s, 4*j - 3*s = 15. What are the prime factors of j?
2, 3
Suppose -60 = -5*x - 5*i + 2*i, 20 = -4*i. List the prime factors of x.
3, 5
Let b = 45 + -5. List the prime factors of b.
2, 5
Suppose -94 = -2*a - 0*a. What are the prime factors of a?
47
Suppose 5*w + 5*b = b + 9, -4*b + 2 = -2*w. What are the prime factors of (22/w)/((-6)/(-3))?
11
Let j(y) = y**3 - 4*y**2 - y - 8. Let m be j(6). Let s = -31 + m. Let l = s - 16. What are the prime factors of l?
11
Suppose 76 = -5*g + 2*g + 2*p, -2*g - 34 = 2*p. Let u = -13 - g. What are the prime factors of u?
3
Suppose 0 = 3*a - 4*k - 107, 4*a - k = -0*k + 121. Let j = a - 16. Let s = j + -4. List the prime factors of s.
3
Let y be 86/(-8) - (-2)/(-8). Let l = 15 + y. What are the prime factors of 15/6 + (-2)/l?
2
Let q(m) be the third derivative of -1/15*m**5 + m**2 - 1/40*m**6 + 0 + 0*m**3 + 0*m - 1/8*m**4. List the prime factors of q(-2).
2, 7
Suppose -s - 6 = 2*s. Let z be s*(0/1 + 25). Let j = -36 - z. List the prime factors of j.
2, 7
Let g(i) = 13*i - 10. What are the prime factors of g(3)?
29
Let t(c) be the third derivative of -c**4/12 + c**3/6 + 2*c**2. What are the prime factors of t(-8)?
17
Let b(p) = 2*p**3 + 4*p**2 - 10*p + 24. List the prime factors of b(5).
2, 3
Let n(a) be the first derivative of -a**4/4 - 7*a**3/3 - 3*a**2 + 1. Let k be n(-5). Let y = -10 - k. What are the prime factors of y?
2, 5
Let n be (-2 - -4) + (-2 - 0). Suppose -4*a + 5*k - 12 + 53 = n, 5*a + k = 44. List the prime factors of a.
3
What are the prime factors of 1*4 - (6 + -33)?
31
Let z(v) = v**3 - v**2 - 4*v + 4. What are the prime factors of z(3)?
2, 5
Let k(l) = 10*l - 52. List the prime factors of k(10).
2, 3
Let p be (-18)/(-4)*10/15. Suppose i - 24 = -p*i. List the prime factors of i.
2, 3
Let b = 13 - 8. Suppose i - 4*i + 16 = b*g, -2*g = -4. What are the prime factors of i?
2
Let h be 99/36 + (-6)/8. Suppose -h*t - 24 = -4*k, 4*k - 43 = -k - 4*t. List the prime factors of k.
7
Suppose -v = v - 78. List the prime factors of v.
3, 13
Let t(l) be the second derivative of l**5/20 + 5*l**4/12 + 2*l**3/3 + l**2 - 3*l. List the prime factors of t(-3).
2
Let g be ((-6)/(-8))/(6/(-24)). Let p be (2 - g)/1 + -1. Suppose -p*k = -l - 17, 8*k = -3*l + 4*k + 29. List the prime factors of l.
3
Let h(v) = v**2 - 5*v - 3. Let a be h(6). Suppose 0 = -3*w + 2*m + 21, -2*w - a*w - 5*m = -10. List the prime factors of w.
5
List the prime factors of (-66)/(-176) + (-581)/(-8).
73
Suppose 0*c = 4*o + 3*c - 274, 3*c - 207 = -3*o. What are the prime factors of o?
67
Let j(s) = -2*s + 1. Suppose -10 = 5*b - 0. What are the prime factors of j(b)?
5
Let s(v) = -v - 4. Let x(t) = -2*t - 8. Let l(d) = 5*s(d) - 2*x(d). Let h be l(-4). Suppose h = n - 6. What are the prime factors of n?
2, 3
Suppose -26 = -5*r - 2*b, -24 = -5*r - 0*b - 3*b. List the prime factors of r.
2, 3
Let s = -15 - -7. Let x = -2 - s. What are the prime factors of 3/(9/x) - -8?
2, 5
Let b(z) = -12*z - 8 + 4*z + z**3 - 2*z**2 - 7*z**2 + 0*z**2. What are the prime factors of b(10)?
2, 3
What are the prime factors of 5/(4 + (-201)/51)?
5, 17
Let r(c) = -c**3 + 7*c**2 - 8*c + 9. What are the prime factors of r(5)?
19
Let s(q) = -6*q**3 + 3*q + 2 + q + 1. Let j be s(-2). Let m = j - 31. What are the prime factors of m?
2, 3
Let i(a) = 24*a + 2. List the prime factors of i(2).
2, 5
Suppose 19 = 5*a - 1. Suppose -4*r = s - 25, -3*r + 18 + 3 = 3*s. List the prime factors of r/(-12) + 50/a.
2, 3
Suppose 5*n = 3*n. Suppose n = -5*t - 0*t - 85. Let s = 24 + t. What are the prime factors of s?
7
Let j(b) = 2*b - 1 - 4 - b. Let p be j(9). Suppose -p*c - 24 = -4*z, -z + 2*z = 2*c + 5. List the prime factors of z.
7
Let j = -245 - -345. What are the prime factors of j?
2, 5
Let c be 4 + -2 - 108/4. Let v = -10 - c. Let q = v - 6. What are the prime factors of q?
3
Let d(f) = -f + 4. Suppose 0 = -5*y + c + 32, -c - 18 = -2*y - 4. Let s = -6 + y. List the prime factors of d(s).
2
Let c = -23 - -34. Let d = -9 + c. List the prime factors of d.
2
What are the prime factors of 161/(6*3/36)?
2, 7, 23
Let s be -3 + 0 - 3 - -4. What are the prime factors of s + 27 - (2 + 1)?
2, 11
Let j(b) = b**2 - 6*b - 6. Let o be j(-6). What are the prime factors of 4/6*o/4?
11
Let p = -433 + 619. What are the prime factors of p?
2, 3, 31
Let g be 2 + 39/(-2 + 5). Suppose b - g = -4*b. List the prime factors of 1 - (-6)/(6/b).
2
Suppose -5 = 5*b + 5*d, -4*b + 4*d - 8 = -2*b. Let k(t) = -8*t - 3. List the prime factors of k(b).
13
Suppose 6*s + 16 - 448 = 0. List the prime factors of s.
2, 3
Let d(g) = g**2 - g + 1. Let k be d(2). Suppose k*n - 145 = -2*n. What are the prime factors of n?
29
Let i(k) be the second derivative of -k**7/840 - k**5/60 - k**4/8 - k**3/6 + k. Let j(x) be the second derivative of i(x). What are the prime factors of j(-2)?
3
Let q(c) = 2*c + 5. Let x be q(0). Suppose -u - 6 = -t - 20, -x*t = 25. What are the prime factors of u?
3
Let k(d) be the second derivative of -d**5/20 + d**4/3 + 5*d**3/6 + 7*d**2/2 + 2*d. What are the prime factors of k(5)?
7
Let m be (-3)/2*10/(-15). List the prime factors of (m - -25) + 6/(-2).
23
Let m(v) = v**3 - 2*v**2 + 3*v - 5. List the prime factors of m(4).
3, 13
Suppose -740 = -34*t + 30*t. List the prime factors of t.
5, 37
Let c be -2 - 0 - (2 + 0). Let o be 4/5*(-70)/c. List the prime factors of ((-4)/8)/((-1)/o).
7
Let g = -74 - -127. List the prime factors of g.
53
Let f = 32 + -19. What are the prime factors of f?
13
Suppose -4*a + 88 = -5*l - 1067, -3*a - 2*l = -872. What are the prime factors of a?
2, 5, 29
What are the prime factors of -2 + 16 + 6/(-2)?
11
Let n(o) = o**3 - 8*o**2 + 2*o + 4. What are the prime factors of n(8)?
2, 5
List the prime factors of -4 + 0 - -4 - -5.
5
Suppose -2*m = -4, m - 74 = -h + 6*m. Let a = h + -45. What are the prime factors of a?
3, 13
List the prime factors of (-3 + 9/6)/(6/(-116)).
29
Let f = -27 + 46. Suppose -61 = -4*g + f. List the prime factors of g.
2, 5
Let q = 20 + 42. What are the prime factors of q?
2, 31
Let r = -7 - -64. List the prime factors of r.
3, 19
Suppose 0 = -9*o + 77 + 157. List the prime factors of o.
2, 13
Let w = 189 + -102. List the prime factors of w.
3, 29
Let o be -2 - (2 - (2 - 2)). Let s be ((-6)/o)/((-3)/(-4)). Suppose 3*x - 2 = -s*z + 20, 0 = -2*x + z + 10. List the prime factors of x.
2, 3
Suppose -x + 3*